is divided by 1119.
1110
Calculate the remainder when 22268 is divided by 11134.
0
Calculate the remainder when 8832 is divided by 802.
10
Calculate the remainder when 301701 is divided by 44.
37
Calculate the remainder when 10717 is divided by 176.
157
What is the remainder when 131603 is divided by 268?
15
What is the remainder when 25631 is divided by 356?
355
Calculate the remainder when 27335 is divided by 63.
56
Calculate the remainder when 11779 is divided by 834.
103
Calculate the remainder when 24639 is divided by 1875.
264
What is the remainder when 245745 is divided by 34?
27
Calculate the remainder when 43918 is divided by 144.
142
Calculate the remainder when 6791 is divided by 266.
141
Calculate the remainder when 8876 is divided by 806.
10
Calculate the remainder when 12963 is divided by 24.
3
What is the remainder when 18531 is divided by 1235?
6
What is the remainder when 9480 is divided by 1697?
995
What is the remainder when 3764 is divided by 39?
20
What is the remainder when 5510 is divided by 76?
38
What is the remainder when 324141 is divided by 67?
62
Calculate the remainder when 3560 is divided by 1776.
8
What is the remainder when 723594 is divided by 216?
210
What is the remainder when 17820 is divided by 41?
26
Calculate the remainder when 2205 is divided by 110.
5
What is the remainder when 3138 is divided by 1551?
36
What is the remainder when 58950 is divided by 4199?
164
What is the remainder when 411025 is divided by 382?
375
Calculate the remainder when 3052 is divided by 381.
4
What is the remainder when 17685 is divided by 1178?
15
What is the remainder when 21331 is divided by 563?
500
Calculate the remainder when 4690 is divided by 203.
21
Calculate the remainder when 17647 is divided by 226.
19
Calculate the remainder when 1518 is divided by 718.
82
What is the remainder when 1181 is divided by 535?
111
What is the remainder when 941 is divided by 500?
441
Calculate the remainder when 1151656 is divided by 7.
2
What is the remainder when 4847 is divided by 230?
17
Calculate the remainder when 3722 is divided by 14.
12
What is the remainder when 115912 is divided by 90?
82
What is the remainder when 1107110 is divided by 81?
2
Calculate the remainder when 5836 is divided by 9.
4
What is the remainder when 92716 is divided by 329?
267
Calculate the remainder when 619 is divided by 154.
3
Calculate the remainder when 878 is divided by 346.
186
Calculate the remainder when 1861 is divided by 73.
36
Calculate the remainder when 11172 is divided by 681.
276
Calculate the remainder when 1125 is divided by 928.
197
Calculate the remainder when 3588 is divided by 272.
52
What is the remainder when 774516 is divided by 61?
60
What is the remainder when 1022 is divided by 23?
10
What is the remainder when 26217 is divided by 14?
9
Calculate the remainder when 70878 is divided by 9.
3
What is the remainder when 3509 is divided by 585?
584
What is the remainder when 3222778 is divided by 623?
622
Calculate the remainder when 449 is divided by 102.
41
What is the remainder when 12414 is divided by 12401?
13
What is the remainder when 3003832 is divided by 932?
928
Calculate the remainder when 1543 is divided by 4.
3
What is the remainder when 118253 is divided by 39412?
17
What is the remainder when 309538 is divided by 165?
163
Calculate the remainder when 199580 is divided by 63.
59
What is the remainder when 2894 is divided by 573?
29
Calculate the remainder when 5618 is divided by 918.
110
Calculate the remainder when 823138 is divided by 97.
93
What is the remainder when 64533 is divided by 12?
9
What is the remainder when 114578 is divided by 955?
933
Calculate the remainder when 5567 is divided by 277.
27
Calculate the remainder when 6638 is divided by 2974.
690
Calculate the remainder when 1908 is divided by 318.
0
What is the remainder when 63763 is divided by 428?
419
Calculate the remainder when 445732 is divided by 21.
7
Calculate the remainder when 17407 is divided by 387.
379
Calculate the remainder when 1112127 is divided by 81.
78
What is the remainder when 311156 is divided by 142?
34
What is the remainder when 11707 is divided by 508?
23
What is the remainder when 16256 is divided by 683?
547
What is the remainder when 4409 is divided by 4075?
334
Calculate the remainder when 5609 is divided by 1776.
281
Calculate the remainder when 45562 is divided by 236.
14
Calculate the remainder when 48593 is divided by 1033.
42
What is the remainder when 168500 is divided by 56153?
41
What is the remainder when 16249 is divided by 30?
19
What is the remainder when 25862 is divided by 3222?
86
What is the remainder when 4531 is divided by 920?
851
What is the remainder when 6869 is divided by 237?
233
Calculate the remainder when 21331 is divided by 157.
136
Calculate the remainder when 3993 is divided by 1131.
600
Calculate the remainder when 3831 is divided by 1382.
1067
Calculate the remainder when 9844 is divided by 9692.
152
Calculate the remainder when 248028 is divided by 11.
0
Calculate the remainder when 80861 is divided by 38.
35
What is the remainder when 27690 is divided by 727?
64
What is the remainder when 820091 is divided by 42?
41
Calculate the remainder when 4260 is divided by 5.
0
What is the remainder when 1458 is divided by 486?
0
Calculate the remainder when 498636 is divided by 8.
4
What is the remainder when 14866 is divided by 83?
9
Calculate the remainder when 1546 is divided by 488.
82
Calculate the remainder when 30422 is divided by 1783.
111
Calculate the remainder when 45713 is divided by 32.
17
What is the remainder when 4844 is divided by 25?
19
What is the remainder when 553774 is divided by 48?
46
What is the remainder when 6628 is divided by 1775?
1303
What is the remainder when 54209 is divided by 9028?
41
Calculate the remainder when 133028 is divided by 301.
287
What is the remainder when 30435 is divided by 19?
16
What is the remainder when 392549 is divided by 46?
31
What is the remainder when 3572709 is divided by 78?
75
Calculate the remainder when 96975 is divided by 551.
550
Calculate the remainder when 4078 is divided by 563.
137
Calculate the remainder when 523 is divided by 516.
7
Calculate the remainder when 386991 is divided by 77397.
6
What is the remainder when 60752 is divided by 155?
147
Calculate the remainder when 74835 is divided by 209.
13
What is the remainder when 3127 is divided by 1340?
447
Calculate the remainder when 574752 is divided by 950.
2
Calculate the remainder when 22957 is divided by 48.
13
Calculate the remainder when 513 is divided by 431.
82
Calculate the remainder when 99164 is divided by 165.
164
What is the remainder when 3468 is divided by 3342?
126
Calculate the remainder when 57431 is divided by 35.
31
What is the remainder when 7822 is divided by 7517?
305
Calculate the remainder when 1052 is divided by 203.
37
Calculate the remainder when 37058 is divided by 1674.
230
Calculate the remainder when 3071 is divided by 176.
79
Calculate the remainder when 7487 is divided by 831.
8
What is the remainder when 84782 is divided by 220?
82
What is the remainder when 9328 is divided by 116?
48
Calculate the remainder when 8315 is divided by 4156.
3
Calculate the remainder when 3732 is divided by 459.
60
Calculate the remainder when 2721 is divided by 2034.
687
What is the remainder when 178258 is divided by 258?
238
What is the remainder when 654797 is divided by 2092?
1
What is the remainder when 55697 is divided by 25?
22
Calculate the remainder when 172982 is divided by 14.
12
What is the remainder when 120439 is divided by 14?
11
What is the remainder when 101068 is divided by 56?
44
Calculate the remainder when 446071 is divided by 1096.
1095
Calculate the remainder when 1762 is divided by 585.
7
What is the remainder when 12445 is divided by 1550?
45
What is the remainder when 39386 is divided by 86?
84
What is the remainder when 561213 is divided by 561200?
13
What is the remainder when 1844 is divided by 93?
77
Calculate the remainder when 80638 is divided by 48.
46
Calculate the remainder when 21341 is divided by 4.
1
What is the remainder when 1784152 is divided by 594716?
4
Calculate the remainder when 28640 is divided by 474